**4 + l + 1/60*b**5. Determine t(-5).
-5
Let k(l) = l**3 + 3*l**2 - 5*l + 1. Let s(p) = -p - 2. Let o be s(1). Let z(g) = -g**3 - 2*g**2 + 5*g - 1. Let r(x) = o*z(x) - 4*k(x). What is r(-7)?
13
Let c(h) = h**2 + h - 19. Suppose -97*y = -89*y - 112. Suppose 0 = -11*s - 14 + y. What is c(s)?
-19
Suppose 2*w + 7 = 15. Let n(j) = 5*j - 10. Let r(m) = 9*m - 20. Let o(l) = w*r(l) - 7*n(l). Let g be o(4). Let z(x) = x**3 + 6*x**2 - 5. Determine z(g).
-5
Let x(h) = -2*h**3 - 4*h**2 - h + 74. Let f(s) = 2*s**3 + 5*s**2 + s - 74. Let i(z) = 5*f(z) + 6*x(z). Let r(w) be the first derivative of i(w). Determine r(2).
-21
Let c(u) = u**3 - 8*u**2 - 10*u + 7. Suppose 6 = -4*y + 14. Let h be ((-3)/(-2))/(y/84*7). Give c(h).
-2
Let w(m) = 23*m + 23*m - 21 - 102*m + 18*m + 20*m + m**2. Determine w(18).
-21
Let o(u) = 10 - 5*u - 11 - 7*u - 12*u. Suppose 6*c - 2*c = 8, 11 = 3*g + 4*c. Let t = 0 - g. Give o(t).
23
Let a(f) = 5*f**2 - 59*f - 39. Let r(g) = 11*g**2 - 130*g - 80. Let u(t) = -9*a(t) + 4*r(t). Give u(13).
5
Let f(s) = 3*s**2 - 57*s - 52. Let a be f(20). Let t(p) = p + 195 - 383 + 172. Determine t(a).
-8
Let u(r) be the first derivative of 1/2*r**2 + 173 + 4*r. Give u(-3).
1
Let x(p) be the first derivative of p**2/2 + p - 2. Let b(j) = 922 - 4*j - 922. Let i(v) = b(v) + 5*x(v). Determine i(-6).
-1
Let o(h) = h**3 - h**2 - h + 4. Let s = 5244 + -5242. What is o(s)?
6
Let j(z) = -9*z**2 + 2. Let c be j(-2). Let n = c + -20. Let r = n + 47. Let h(m) = -3*m - 8. Give h(r).
13
Let o(i) = 7 + 376*i**2 - 3*i + 0*i**3 + 2*i - 2*i**3 - 390*i**2 + 13*i. Determine o(-8).
39
Let w(j) = j**3 + 18*j**2 - 26*j - 30. Let c(z) = -z**3 - z**2 + 14*z + 1. Let t(d) = -2*c(d) - w(d). Determine t(16).
-4
Let b(r) = -r + 41. Let i be 5 - (2 + 1 + 15*(-34)/(-255)). Give b(i).
41
Let m(s) = 15*s**3 + 2*s**2 - 2*s + 1. Let g(k) = -11*k + 199. Let w be g(17). Suppose -9*x = -w*x + 3. Give m(x).
16
Let t(l) be the second derivative of -7*l**3/3 - 105*l**2/2 - 40*l + 18. Calculate t(-7).
-7
Let u(l) = l**2 - 16*l - 140. Let r(a) = -a**2 - 71*a + 832. Let o be r(-81). Give u(o).
-8
Let x(u) = u**2 - 8*u - 10. Suppose 20*r + 4*c - 26 = 17*r, -5*r = -3*c - 53. Suppose -35 + 135 = r*m. Determine x(m).
10
Let a be (12 - 237)*14/(-35). Suppose 60 = -78*x + a*x. Let c(u) = 2*u**2 + 1 - u - 6*u - u**2. Give c(x).
-9
Let p(b) = -18*b - 93991 + 3*b**2 - 2*b**2 + 93926. Determine p(-3).
-2
Let p(f) = -36*f + 412. Let a(r) = -r + 85. Let d(c) = -3*a(c) + p(c). Calculate d(5).
-8
Suppose -v - 4*j - 3 = 0, v - 14 = -3*v - 3*j. Let o(y) = -15*y - 19*y + v - 12*y + 40*y. Calculate o(5).
-25
Let u(j) = j**3 + 9*j**2 + 10*j + 5. Suppose -f - f + 5*m = 19, -4*m + 8 = -4*f. Let v be f/6 + 85/(-10). Calculate u(v).
-11
Suppose -4*b + 20 = 24. Let h(d) = -3 + 85*d**2 + 3 - 86*d**2 - d. Let c(z) = 6*z**2 + 12*z + 4. Let v(q) = b*c(q) - 5*h(q). Determine v(-5).
6
Let d(q) be the first derivative of q**2 - 3*q - 1. Let s = -3618 - -6082. Let k be s/440 - 2/(20/6). Give d(k).
7
Let v(s) be the second derivative of s**4/12 - 3*s**3/2 - 65*s**2 - 223*s + 2. Determine v(-8).
6
Let f(d) be the first derivative of d**4/4 - 2*d**3 + 13*d**2/2 - 38*d + 8229. Determine f(5).
2
Let k be 1/6 - 65/30. Let d be 7*(k - (-2 - 1)). Let l(f) = -10 - 4*f + d*f**2 - 4*f**3 - 2*f + 5*f**3 + 5*f. What is l(-7)?
-3
Let f(y) = y**3 + 6*y**2 - 7*y + 10. Suppose -90*u - 890 = 88*u. Give f(u).
70
Let q(k) = -25*k - 15. Let f(l) = -l**3 - 77*l**2 + 84*l + 464. Let i be f(-78). Determine q(i).
85
Let s(y) = 3*y + 7. Suppose 3*m + 277 = -j, -136 = m - 3*j - 57. Let n be (-6)/(-21) - (-390)/m. Give s(n).
-5
Let n(c) be the first derivative of c**4/4 + 8*c**3/3 + 4*c**2 - 17*c + 2884. What is n(-7)?
-24
Let r(s) = -5*s**2 + 26*s + 27. Let j(h) = h**2 + 10*h - 1. Let u be j(0). Let c be r(u). Let t(n) = n**3 + n**2 - 6*n - 1. Give t(c).
-25
Suppose 6*o - 11 = -35. Let h(y) = 2*y**2 - 11. Let i be h(o). Suppose -27 = -12*z + i. Let w(d) = -d**3 + 4*d**2 + 3*d - 5. Calculate w(z).
7
Let w(v) be the third derivative of -v**5/120 - v**4/6 - 53*v**3/3 + 36*v**2 + v. Let t(m) be the first derivative of w(m). What is t(7)?
-11
Let w = -71 - -303. Suppose 39*z - 37 + w = 0. Let i(f) = -f**3 - 4*f**2 + 6*f + 1. Give i(z).
-4
Let s(i) = -i**3 - 2*i**2 + 8*i + 10. Let j be (-3 - -37)*((-792)/16)/(-3). Let h = j - 565. What is s(h)?
10
Let u(f) be the first derivative of 9*f**2 - 57*f - 47. Let y be u(3). Let p(s) = -s**3 - 2*s**2 + 3*s - 1. Determine p(y).
-1
Let g(d) = -13*d - 56. Let m(j) = 9*j + 37. Let w be (8 + -14 - -10)/(12/15). Let k(v) = w*g(v) + 7*m(v). Calculate k(-12).
3
Suppose -7*t - 12 - 44 = 0. Let v(x) = -2*x - 10. What is v(t)?
6
Let x(n) be the first derivative of -n**4/4 - 2*n**3/3 - 3*n + 172. Suppose 2*d - 3*k - 10 = d, -3*d - 26 = 5*k. Let s = d + -1. Calculate x(s).
6
Suppose 0 = 3*o - 2*a - 5, a + 2 = -2*o - 3*a. Let z(c) = 13*c + 25. Let g(d) = 2*d + 1. Let k(m) = o*z(m) - 6*g(m). Give k(0).
19
Let k(t) = t**3 - t**2 - t + 26. Let a be 140/(-42)*(-9)/2. Suppose -a*v = -30*v. Give k(v).
26
Let b(k) = -5*k**3 + 6*k**2 + 17*k + 6. Let f(u) = -11*u**3 + 11*u**2 + 35*u + 15. Let t(z) = -13*b(z) + 6*f(z). What is t(-11)?
12
Let h(z) = 845*z**2 + 18*z - 414*z**2 - 430*z**2 + 28. Determine h(-17).
11
Let r be 2 + 7 - 15/((-6)/(-2)). Let v(p) = -p**2 + 11*p - 9. Give v(r).
19
Suppose -17*h - 79680 = -2*h. Let v be h/(-1088) + 2/17. Let f(q) = 9*q + 6. Calculate f(v).
51
Let c(i) = -137*i - 136. Let o be c(-1). Let n(s) = -86*s**2. Calculate n(o).
-86
Let o(h) be the third derivative of -1/60*h**5 + 114*h**2 + 0 + 1/2*h**3 + 1/12*h**4 + h. Give o(5).
-12
Suppose 0 = 16*x + 75*x + 182. Let j(f) = -2*f**2 + f - 2. Determine j(x).
-12
Let a = 22 - 18. Suppose 36 = -5*j + 4*s + 10, -3*j + 5*s = 26. Let w be a*2*((0 - -1) + j). Let r(o) = o - 2. Determine r(w).
-10
Let p(w) = w + 6. Let g(j) = -8*j - 35. Let y(a) = -g(a) - 6*p(a). Suppose -3*k + 9 = -0. Give y(k).
5
Let g be (2/(-6))/((-1224)/3672). Let b(h) = 1 - 3*h + 12*h**2 + 2*h + 0*h. Calculate b(g).
12
Let s(u) = -242*u + 2170. Let h be s(9). Let p(f) = -2*f + 17. Determine p(h).
33
Let n(k) be the first derivative of 5*k**2 - 181*k + 4609. Calculate n(19).
9
Let x(p) be the first derivative of 18*p**2 + 578*p + 8273. What is x(-16)?
2
Suppose 11 = w + 58*o - 63*o, -4*o = 4*w - 68. Let a(t) = 3*t**2 - 46*t - 33. What is a(w)?
-1
Let v(y) = -y**2 - 117*y + 1002. Let u be v(8). Let m(j) = -j**3 + 3*j**2 - 3*j + 5. Determine m(u).
3
Let b(h) be the third derivative of -9*h**4/4 - 331*h**3/6 - 241*h**2 - h - 5. Calculate b(-6).
-7
Let x(o) = -11 - 3*o + 25 - 7 - 4 - 2*o**2. Let c be 12/48 - (-13)/(-4). Determine x(c).
-6
Let y(t) be the third derivative of 0*t + 0 - 1/3*t**4 + 150*t**2 - 2*t**3 + 1/60*t**5. Give y(9).
-3
Let k(o) = o**3 - 9*o**2 - 13*o + 113. Let u be k(9). Let a(b) be the second derivative of -1/2*b**2 + 1/12*b**4 + 5*b + 5/6*b**3 + 0. What is a(u)?
-5
Let y(a) = -27*a**3 - 5*a**2 + 6*a - 2. Let u be y(1). Let z(i) = i**3 + 27*i**2 - 27*i + 20. Give z(u).
-8
Let t(z) = -z**3 - 3*z**2 - 4*z. Let p be t(-3). Suppose j = -0*j - 3*b + p, -j - 5*b + 16 = 0. Let y(x) = -x. Give y(j).
-6
Let o(s) = -s**2 - 12*s - 33. Let l be o(-8). Let b be 7/(7/3) + l. Let c(r) = 2*r**2 - 2*r - 1. Give c(b).
3
Let o(y) be the second derivative of 0 + 1/6*y**3 - y**2 + 62*y. Give o(2).
0
Let m be (-20)/(-15) - (-1)/(-3). Let h(p) be the third derivative of 0*p**3 + 1/24*p**4 + 0 + 0*p + 2/15*p**5 + 4*p**2. Determine h(m).
9
Let l = 19 + -13. Let i(q) = q**3 - q**2 + 4*q - 4. Let v(n) = -n**3 - 2*n**2 - 4*n + 3. Let c(f) = -3*i(f) - 2*v(f). Determine c(l).
18
Let k = -21 - -17. Let y be (-4 + 5)/((-2)/k). Let a(n) = 1 + 0 - 6*n**2 + 3*n**3 - 4*n**3 + 3*n**y. Give a(-2).
-3
Suppose 53*s = 9*s + 88. Let n(q) = -95*q - s + 94*q - 3. Calculate n(8).
-13
Suppose 0 = -14*q + 18*q - 4*g, 3*q = 2*g + 6. Let y(c) = c**3 - 6*c**2 + 8*c - 41. Give y(q).
7
Let t be (-9 - -9)/4*1/1. Let b(d) = -5*d**3 + 7*d**2 + 7*d + 1. Let n(z) = 4*z**3 - 6*z**2 - 6*z - 2. Let j(w) = 5*b(w) + 6*n(w). What is j(t)?
-7
Let x(z) = -z - 32. Let w be -1 + -2 + 1/(3/45). Suppose -w*d + 13*d = -3*c, -d = c. Determine x(c).
-32
Let s(r) = -19*r**2 + 6*r + 36. Let a(x) = 2*x**2 - 3. Let d(b) = 10*a(b) + s(b). Let q(y) = 